{"id":5649,"date":"2023-09-10T13:03:14","date_gmt":"2023-09-10T12:03:14","guid":{"rendered":"https:\/\/www.galerie-bender.de\/?post_type=store&#038;p=5649"},"modified":"2025-01-24T16:04:25","modified_gmt":"2025-01-24T15:04:25","slug":"5649","status":"publish","type":"store","link":"https:\/\/www.galerie-bender.de\/en\/store\/5649\/","title":{"rendered":"Regine Schumann &#8211; Subskription"},"featured_media":0,"template":"","class_list":["post-5649","store","type-store","status-publish","hentry"],"acf":{"active":"Ja","artist_name":"Regine Schumann ","artist_details":"Regine Schumann wurde 1961 in Goslar geboren. Sie lebt und arbeitet in K\u00f6ln.\r\n\r\nFarbiges und fluoreszierenden Acrylglas spielt in Regine Schumanns Werk seit \u00fcber 25 Jahren eine wichtige Rolle. Dieser von der K\u00fcnstlerin verwendete Werkstoff leuchtet, sobald ihm Lichtenergie zugef\u00fchrt wird \u2013 sei es in Form von nat\u00fcrlichem Tageslicht oder von Kunstlicht. Durch die unterschiedlich farbigen Platten ergibt sich je nach Standort ein Durchleuchten, Schichten, Mischen und Selektieren. Es sind diese schwer benennbaren, sich st\u00e4ndig ver\u00e4ndernden Wirkungen des Lichtes, die Schumann bei ihren Installationen und Werken thematisiert. Schwerpunkt bei ihren Rauminstallationen ist die Erweiterung der vorhandenen Architektur und damit Gestaltung von \u201eRaumtemperaturen\u201c: Der Einbezug bildhauerischer Prinzipien ist charakteristisch f\u00fcr die Arbeit Schumanns und f\u00fchrt das Denken in Farben und Farbebenen in eine r\u00e4umlich erfahrbare Plastizit\u00e4t \u00fcber.","work_title":"colormirror soft double satin turquoise munich - 2023","work_infos":"Acrylglas fluoreszierend, 18 x 14 x 6 cm.\r\n\r\nExklusive Edition von Regine Schumann f\u00fcr die Galerie Renate Bender. Die Arbeit \u201ecolormirror soft double satin turquoise munich\u201c - 2023 besteht aus fluoreszierendem Acrylglas und erscheint in einer Auflage von 6 Ex. + 2 A.P.\r\n","work_price":"2.950 \u20ac inkl. 7 %","work_image":5652,"weitere_bilder":[5653,5651,5650]},"uagb_featured_image_src":{"full":false,"thumbnail":false,"medium":false,"medium_large":false,"large":false,"1536x1536":false,"2048x2048":false,"trp-custom-language-flag":false,"square":false,"post-thumbnail":false,"twentytwenty-fullscreen":false},"uagb_author_info":{"display_name":"Renate Bender","author_link":"https:\/\/www.galerie-bender.de\/en\/author\/"},"uagb_comment_info":0,"uagb_excerpt":null,"_links":{"self":[{"href":"https:\/\/www.galerie-bender.de\/en\/wp-json\/wp\/v2\/store\/5649","targetHints":{"allow":["GET"]}}],"collection":[{"href":"https:\/\/www.galerie-bender.de\/en\/wp-json\/wp\/v2\/store"}],"about":[{"href":"https:\/\/www.galerie-bender.de\/en\/wp-json\/wp\/v2\/types\/store"}],"acf:attachment":[{"embeddable":true,"href":"https:\/\/www.galerie-bender.de\/en\/wp-json\/wp\/v2\/media\/5650"},{"embeddable":true,"href":"https:\/\/www.galerie-bender.de\/en\/wp-json\/wp\/v2\/media\/5651"},{"embeddable":true,"href":"https:\/\/www.galerie-bender.de\/en\/wp-json\/wp\/v2\/media\/5653"}],"wp:attachment":[{"href":"https:\/\/www.galerie-bender.de\/en\/wp-json\/wp\/v2\/media?parent=5649"}],"curies":[{"name":"wp","href":"https:\/\/api.w.org\/{rel}","templated":true}]}}

Regine Schumann wurde 1961 in Goslar geboren. Sie lebt und arbeitet in Köln.

Farbiges und fluoreszierenden Acrylglas spielt in Regine Schumanns Werk seit über 25 Jahren eine wichtige Rolle. Dieser von der Künstlerin verwendete Werkstoff leuchtet, sobald ihm Lichtenergie zugeführt wird – sei es in Form von natürlichem Tageslicht oder von Kunstlicht. Durch die unterschiedlich farbigen Platten ergibt sich je nach Standort ein Durchleuchten, Schichten, Mischen und Selektieren. Es sind diese schwer benennbaren, sich ständig verändernden Wirkungen des Lichtes, die Schumann bei ihren Installationen und Werken thematisiert. Schwerpunkt bei ihren Rauminstallationen ist die Erweiterung der vorhandenen Architektur und damit Gestaltung von „Raumtemperaturen“: Der Einbezug bildhauerischer Prinzipien ist charakteristisch für die Arbeit Schumanns und führt das Denken in Farben und Farbebenen in eine räumlich erfahrbare Plastizität über.

Acrylglas fluoreszierend, 18 x 14 x 6 cm.

Exklusive Edition von Regine Schumann für die Galerie Renate Bender. Die Arbeit „colormirror soft double satin turquoise munich“ - 2023 besteht aus fluoreszierendem Acrylglas und erscheint in einer Auflage von 6 Ex. + 2 A.P.
