{"id":5670,"date":"2023-09-15T14:30:37","date_gmt":"2023-09-15T13:30:37","guid":{"rendered":"https:\/\/www.galerie-bender.de\/?post_type=store&#038;p=5670"},"modified":"2023-09-19T14:48:15","modified_gmt":"2023-09-19T13:48:15","slug":"ludwig-wilding-sbst-2824-1993","status":"publish","type":"store","link":"https:\/\/www.galerie-bender.de\/en\/store\/ludwig-wilding-sbst-2824-1993\/","title":{"rendered":"Ludwig Wilding, &#8222;SBST 2824&#8220; &#8211; 1993"},"featured_media":0,"template":"","class_list":["post-5670","store","type-store","status-publish","hentry"],"acf":{"active":"Ja","artist_name":"Ludwig Wilding","artist_details":"Ludwig Wilding wurde 1927 in Gr\u00fcnstadt (Pfalz) geboren und verstarb 2010 in Buchholz in der Nordheide.\r\n\r\n\u201evisuelle kunst findet prim\u00e4r \u00fcber den kanal des auges statt\u201c \u2013 dies ist ein Schl\u00fcsselsatz aus einem Text Ludwig Wildings aus dem Jahre 1975. Er, der von sich sagte, er mache keine Op-Art, fordert uns heraus, \u00fcber diesen Begriff zu reflektieren, denn zweifelsohne ist jede kreative Leistung, die mit dem Auge rezipiert wird, eine \u201eoptische\u201c Kunst. Er benutzte gerne den Begriff \u201eirritative kunst\u201c, er wollte die Grenzen visueller Wahrnehmung erkunden. Seine Arbeiten hinterfragen die Perzeptionsgewohnheiten des Betrachters und die Interaktion von Auge und Gehirn. Wichtig war f\u00fcr ihn auch die Interaktion des Betrachters, denn nur durch dessen Position im Raum oder dessen Bewegungen verwandelt sich schlussendlich das meist flache Objekt zu einem dreidimensionalen Seherlebnis.\r\n\r\nLudwig Wilding z\u00e4hlt zu den f\u00fchrenden Pers\u00f6nlichkeiten dieser Kunstrichtung, als deren Bezeichnung sich der Begriff \u201eOp-Art\u201c dennoch international festgeschrieben hat.","work_title":"\"SBST 2824\" - 1993","work_infos":"Objekt mit Scheinbewegung,\r\nEdition 16\/100, \r\n28 x 28 cm","work_price":"1.750 \u20ac inkl. 19 % MwSt. ","work_image":5672,"weitere_bilder":""},"uagb_featured_image_src":{"full":false,"thumbnail":false,"medium":false,"medium_large":false,"large":false,"1536x1536":false,"2048x2048":false,"trp-custom-language-flag":false,"square":false,"post-thumbnail":false,"twentytwenty-fullscreen":false},"uagb_author_info":{"display_name":"Renate Bender","author_link":"https:\/\/www.galerie-bender.de\/en\/author\/"},"uagb_comment_info":0,"uagb_excerpt":null,"_links":{"self":[{"href":"https:\/\/www.galerie-bender.de\/en\/wp-json\/wp\/v2\/store\/5670","targetHints":{"allow":["GET"]}}],"collection":[{"href":"https:\/\/www.galerie-bender.de\/en\/wp-json\/wp\/v2\/store"}],"about":[{"href":"https:\/\/www.galerie-bender.de\/en\/wp-json\/wp\/v2\/types\/store"}],"wp:attachment":[{"href":"https:\/\/www.galerie-bender.de\/en\/wp-json\/wp\/v2\/media?parent=5670"}],"curies":[{"name":"wp","href":"https:\/\/api.w.org\/{rel}","templated":true}]}}

Ludwig Wilding wurde 1927 in Grünstadt (Pfalz) geboren und verstarb 2010 in Buchholz in der Nordheide.

„visuelle kunst findet primär über den kanal des auges statt“ – dies ist ein Schlüsselsatz aus einem Text Ludwig Wildings aus dem Jahre 1975. Er, der von sich sagte, er mache keine Op-Art, fordert uns heraus, über diesen Begriff zu reflektieren, denn zweifelsohne ist jede kreative Leistung, die mit dem Auge rezipiert wird, eine „optische“ Kunst. Er benutzte gerne den Begriff „irritative kunst“, er wollte die Grenzen visueller Wahrnehmung erkunden. Seine Arbeiten hinterfragen die Perzeptionsgewohnheiten des Betrachters und die Interaktion von Auge und Gehirn. Wichtig war für ihn auch die Interaktion des Betrachters, denn nur durch dessen Position im Raum oder dessen Bewegungen verwandelt sich schlussendlich das meist flache Objekt zu einem dreidimensionalen Seherlebnis.

Ludwig Wilding zählt zu den führenden Persönlichkeiten dieser Kunstrichtung, als deren Bezeichnung sich der Begriff „Op-Art“ dennoch international festgeschrieben hat.
