{"id":7513,"date":"2025-06-05T12:35:55","date_gmt":"2025-06-05T11:35:55","guid":{"rendered":"https:\/\/www.galerie-bender.de\/?post_type=store&#038;p=7513"},"modified":"2025-06-05T14:09:39","modified_gmt":"2025-06-05T13:09:39","slug":"raphael-grotthuss-42x30_10092024","status":"publish","type":"store","link":"https:\/\/www.galerie-bender.de\/en\/store\/raphael-grotthuss-42x30_10092024\/","title":{"rendered":"Raphael Grotthuss, 42x30_10092024"},"featured_media":0,"template":"","class_list":["post-7513","store","type-store","status-publish","hentry"],"acf":{"active":"Ja","artist_name":"Raphael Grotthuss","artist_details":"Raphael Grotthuss wurde 1983 in Starnberg geboren. Er lebt und arbeitet in M\u00fcnchen.\r\n\r\nSpr\u00fchen, Gie\u00dfen, Sch\u00f6pfen \u2013 diese drei Grundtechniken der Faserbearbeitung nutzend versucht Raphael Grotthuss die Kr\u00e4fte und Verwerfungen seines Materials zu b\u00e4ndigen, um freie Bildfl\u00e4chen zu schaffen, die sich mittlerweile vom Keilrahmen emanzipiert haben. Er verwendet Flachsfasern, welche extrem rei\u00dffest und unelastisch sind. Doch auch dem Zufall wird Raum gegeben, wenn der K\u00fcnstler die Kontrolle \u00fcber die Fasermasse abgibt und sich Fasern und Pigment w\u00e4hrend des Auftragens mittels Spr\u00fchpistole auf eine Glasplatte oder w\u00e4hrend des Trocknungsprozesses im Sieb mal mehr, mal weniger frei verteilen und anordnen.","work_title":"42x30_10092024 - 2024","work_infos":"Gespr\u00fchte Flachsfasern,  Pigment, Objektrahmen, Museumsglas, 42 x 30 cm","work_price":"1.200 \u20ac inkl. 7 % MwSt.","work_image":7514,"weitere_bilder":""},"uagb_featured_image_src":{"full":false,"thumbnail":false,"medium":false,"medium_large":false,"large":false,"1536x1536":false,"2048x2048":false,"trp-custom-language-flag":false,"square":false,"post-thumbnail":false,"twentytwenty-fullscreen":false},"uagb_author_info":{"display_name":"Renate Bender","author_link":"https:\/\/www.galerie-bender.de\/en\/author\/"},"uagb_comment_info":0,"uagb_excerpt":null,"_links":{"self":[{"href":"https:\/\/www.galerie-bender.de\/en\/wp-json\/wp\/v2\/store\/7513","targetHints":{"allow":["GET"]}}],"collection":[{"href":"https:\/\/www.galerie-bender.de\/en\/wp-json\/wp\/v2\/store"}],"about":[{"href":"https:\/\/www.galerie-bender.de\/en\/wp-json\/wp\/v2\/types\/store"}],"wp:attachment":[{"href":"https:\/\/www.galerie-bender.de\/en\/wp-json\/wp\/v2\/media?parent=7513"}],"curies":[{"name":"wp","href":"https:\/\/api.w.org\/{rel}","templated":true}]}}

Raphael Grotthuss wurde 1983 in Starnberg geboren. Er lebt und arbeitet in München.

Sprühen, Gießen, Schöpfen – diese drei Grundtechniken der Faserbearbeitung nutzend versucht Raphael Grotthuss die Kräfte und Verwerfungen seines Materials zu bändigen, um freie Bildflächen zu schaffen, die sich mittlerweile vom Keilrahmen emanzipiert haben. Er verwendet Flachsfasern, welche extrem reißfest und unelastisch sind. Doch auch dem Zufall wird Raum gegeben, wenn der Künstler die Kontrolle über die Fasermasse abgibt und sich Fasern und Pigment während des Auftragens mittels Sprühpistole auf eine Glasplatte oder während des Trocknungsprozesses im Sieb mal mehr, mal weniger frei verteilen und anordnen.

Gesprühte Flachsfasern,  Pigment, Objektrahmen, Museumsglas, 42 x 30 cm
