{"id":7521,"date":"2025-06-05T12:49:35","date_gmt":"2025-06-05T11:49:35","guid":{"rendered":"https:\/\/www.galerie-bender.de\/?post_type=store&#038;p=7521"},"modified":"2025-06-05T12:49:35","modified_gmt":"2025-06-05T11:49:35","slug":"peter-weber-durchdringung-mit-8-quadraten-wvz-2020-74-2020","status":"publish","type":"store","link":"https:\/\/www.galerie-bender.de\/en\/store\/peter-weber-durchdringung-mit-8-quadraten-wvz-2020-74-2020\/","title":{"rendered":"Peter Weber, Durchdringung mit 8 Quadraten (WVZ 2020\/74) &#8211; 2020"},"featured_media":0,"template":"","class_list":["post-7521","store","type-store","status-publish","hentry"],"acf":{"active":"Ja","artist_name":"Peter Weber","artist_details":"Peter Weber wurde 1944 in Kollmar\/Elbe geboren. Er lebt und arbeitet bei M\u00fcnchen.\r\n\r\nAus einem St\u00fcck und ohne einen Schnitt durch die Fl\u00e4che gefertigt, r\u00fccken Peter Webers Arbeiten das Ph\u00e4nomen der Faltung in das Blickfeld ihrer Betrachter. In seinen seriellen Papierarbeiten aus rein-wei\u00dfem Canson Aquarell wird die mathematische Vielfalt dieser Technik in Perfektion durchdekliniert; von starker stofflicher Pr\u00e4senz sind die Faltarbeiten aus power-vollem Filz, welcher seit 2001 Webers dominierender Werkstoff ist. Die B\u00e4ndigung der Filzbahn in die von ihm vorgegebene geometrische Konstruktion f\u00fchrt hier zu Arbeiten von skulpturaler Ausdrucksst\u00e4rke. Neben Filz und Papier verwendet Weber auch Materialien wie Leinwand, Baumwolle, Kunststoff und sogar Stahl. Ende 2017 entstanden dann die ersten rein gefalteten Stahlreliefs.\r\n\r\n\u201eDas Faltmaterial wandelt sich aus der Fl\u00e4che zu einem architektonischen Gebilde, um dann wieder als Relief in die Fl\u00e4che zu gleiten. Es ist der Gedanke der Ganzheit, der mich fasziniert und reizt, immer wieder an die Grenzen des Machbaren zu gehen, um komplizierte Sachverhalte der Gestaltung zu l\u00f6sen.\u201c Peter Weber","work_title":"Durchdringung mit 8 Quadraten (WVZ 2020\/74) - 2020","work_infos":"Canson Aquarellkarton gefaltet, gerahmt, 30 x 30 cm","work_price":"1.750 \u20ac inkl. 7 % MwSt.","work_image":7519,"weitere_bilder":""},"uagb_featured_image_src":{"full":false,"thumbnail":false,"medium":false,"medium_large":false,"large":false,"1536x1536":false,"2048x2048":false,"trp-custom-language-flag":false,"square":false,"post-thumbnail":false,"twentytwenty-fullscreen":false},"uagb_author_info":{"display_name":"Renate Bender","author_link":"https:\/\/www.galerie-bender.de\/en\/author\/"},"uagb_comment_info":0,"uagb_excerpt":null,"_links":{"self":[{"href":"https:\/\/www.galerie-bender.de\/en\/wp-json\/wp\/v2\/store\/7521","targetHints":{"allow":["GET"]}}],"collection":[{"href":"https:\/\/www.galerie-bender.de\/en\/wp-json\/wp\/v2\/store"}],"about":[{"href":"https:\/\/www.galerie-bender.de\/en\/wp-json\/wp\/v2\/types\/store"}],"wp:attachment":[{"href":"https:\/\/www.galerie-bender.de\/en\/wp-json\/wp\/v2\/media?parent=7521"}],"curies":[{"name":"wp","href":"https:\/\/api.w.org\/{rel}","templated":true}]}}

Peter Weber wurde 1944 in Kollmar/Elbe geboren. Er lebt und arbeitet bei München.

Aus einem Stück und ohne einen Schnitt durch die Fläche gefertigt, rücken Peter Webers Arbeiten das Phänomen der Faltung in das Blickfeld ihrer Betrachter. In seinen seriellen Papierarbeiten aus rein-weißem Canson Aquarell wird die mathematische Vielfalt dieser Technik in Perfektion durchdekliniert; von starker stofflicher Präsenz sind die Faltarbeiten aus power-vollem Filz, welcher seit 2001 Webers dominierender Werkstoff ist. Die Bändigung der Filzbahn in die von ihm vorgegebene geometrische Konstruktion führt hier zu Arbeiten von skulpturaler Ausdrucksstärke. Neben Filz und Papier verwendet Weber auch Materialien wie Leinwand, Baumwolle, Kunststoff und sogar Stahl. Ende 2017 entstanden dann die ersten rein gefalteten Stahlreliefs.

„Das Faltmaterial wandelt sich aus der Fläche zu einem architektonischen Gebilde, um dann wieder als Relief in die Fläche zu gleiten. Es ist der Gedanke der Ganzheit, der mich fasziniert und reizt, immer wieder an die Grenzen des Machbaren zu gehen, um komplizierte Sachverhalte der Gestaltung zu lösen.“ Peter Weber
